{"id":40,"date":"2026-02-02T20:15:46","date_gmt":"2026-02-02T19:15:46","guid":{"rendered":"https:\/\/jancarek.drevomaja.cz\/?page_id=40"},"modified":"2026-03-30T13:23:04","modified_gmt":"2026-03-30T11:23:04","slug":"zakazky","status":"publish","type":"page","link":"https:\/\/jancarek.drevomaja.cz\/?page_id=40","title":{"rendered":"ZAK\u00c1ZKY"},"content":{"rendered":"<h2 class=\"wp-block-post-title\">ZAK\u00c1ZKY<\/h2>\n\n\n<div style=\"height:34px\" aria-hidden=\"true\" class=\"wp-block-spacer\"><\/div>\n\n\n\n<p>V\u017edycky m\u011b zaj\u00edmalo co a pro\u010d se d\u011bje nebo d\u011blo. A m\u011bl jsem z\u00e1rove\u0148 pot\u0159ebu to zachytit,<br>zakonzervovat, up\u0159esnit, informace v&nbsp;r\u00e1mci vlastn\u00edch mo\u017enost\u00ed uv\u00e9st do souvislost\u00ed nebo<br>p\u0159in\u00e9st \u00fapln\u011b nov\u00e9. Ob\u010das to byla detektivka, n\u011bkdy jen d\u0159ina, nedocen\u011bn\u00e1 slu\u017eba,<br>n\u00e1hoda\u2026Ale v\u017edycky kr\u00e1sn\u00e1 a zaj\u00edmav\u00e1 pr\u00e1ce s&nbsp;v\u00edtan\u00fdm p\u0159esahem od div\u00e1k\u016f ke \u0161kol\u00e1m a<br>vzd\u011bl\u00e1v\u00e1n\u00ed.<\/p>\n\n\n\n<div style=\"height:38px\" aria-hidden=\"true\" class=\"wp-block-spacer\"><\/div>\n\n\n\n<div class=\"wp-block-query is-layout-flow wp-block-query-is-layout-flow\"><ul class=\"columns-3 wp-block-post-template is-layout-grid wp-container-core-post-template-is-layout-6d3fbd8f wp-block-post-template-is-layout-grid\"><li class=\"wp-block-post post-192 post type-post status-publish format-standard has-post-thumbnail hentry category-zakazky\">\n\n<div class=\"wp-block-group is-style-padding-0 is-layout-flow wp-block-group-is-layout-flow\" style=\"padding-top:30px;padding-right:30px;padding-bottom:30px;padding-left:30px\"><figure class=\"wp-block-post-featured-image\"><img loading=\"lazy\" decoding=\"async\" width=\"2560\" height=\"1440\" src=\"https:\/\/jancarek.drevomaja.cz\/wp-content\/uploads\/2026\/02\/Medevac_2-scaled.jpg\" class=\"attachment-post-thumbnail size-post-thumbnail wp-post-image\" alt=\"Medevac 2\" style=\"object-fit:cover;\" srcset=\"https:\/\/jancarek.drevomaja.cz\/wp-content\/uploads\/2026\/02\/Medevac_2-scaled.jpg 2560w, https:\/\/jancarek.drevomaja.cz\/wp-content\/uploads\/2026\/02\/Medevac_2-300x169.jpg 300w, https:\/\/jancarek.drevomaja.cz\/wp-content\/uploads\/2026\/02\/Medevac_2-1024x576.jpg 1024w, https:\/\/jancarek.drevomaja.cz\/wp-content\/uploads\/2026\/02\/Medevac_2-768x432.jpg 768w, https:\/\/jancarek.drevomaja.cz\/wp-content\/uploads\/2026\/02\/Medevac_2-1536x864.jpg 1536w, https:\/\/jancarek.drevomaja.cz\/wp-content\/uploads\/2026\/02\/Medevac_2-2048x1152.jpg 2048w\" sizes=\"auto, (max-width: 2560px) 100vw, 2560px\" \/><\/figure>\n\n<h2 class=\"wp-block-post-title has-content-heading-font-size\"><a href=\"https:\/\/jancarek.drevomaja.cz\/?p=192\" target=\"_self\" >Medevac<\/a><\/h2>\n\n<div class=\"wp-block-post-excerpt\"><p class=\"wp-block-post-excerpt__excerpt\">Film o pomoci \u010desk\u00fdch l\u00e9ka\u0159\u016f a zdravotn\u00edk\u016f v r\u00e1mci programu&hellip;<\/p><p class=\"wp-block-post-excerpt__more-text\"><a class=\"wp-block-post-excerpt__more-link\" href=\"https:\/\/jancarek.drevomaja.cz\/?p=192\">v\u00edce<\/a><\/p><\/div>\n\n<div class=\"wp-block-post-date flex\"><svg class=\"icon icon-calendar\" aria-hidden=\"true\" role=\"img\"> <use href=\"#icon-calendar\" xlink:href=\"#icon-calendar\"><\/use> <\/svg><time datetime=\"2026-02-02T23:09:33+01:00\">2. 2. 2026<\/time><\/div><\/div>\n\n<\/li><li class=\"wp-block-post post-190 post type-post status-publish format-standard has-post-thumbnail hentry category-zakazky\">\n\n<div class=\"wp-block-group is-style-padding-0 is-layout-flow wp-block-group-is-layout-flow\" style=\"padding-top:30px;padding-right:30px;padding-bottom:30px;padding-left:30px\"><figure class=\"wp-block-post-featured-image\"><img loading=\"lazy\" decoding=\"async\" width=\"2560\" height=\"2560\" src=\"https:\/\/jancarek.drevomaja.cz\/wp-content\/uploads\/2026\/02\/PRIPRAVUJEME_1x1-scaled.jpg\" class=\"attachment-post-thumbnail size-post-thumbnail wp-post-image\" alt=\"Pripravujeme 1X1\" style=\"object-fit:cover;\" srcset=\"https:\/\/jancarek.drevomaja.cz\/wp-content\/uploads\/2026\/02\/PRIPRAVUJEME_1x1-scaled.jpg 2560w, https:\/\/jancarek.drevomaja.cz\/wp-content\/uploads\/2026\/02\/PRIPRAVUJEME_1x1-300x300.jpg 300w, https:\/\/jancarek.drevomaja.cz\/wp-content\/uploads\/2026\/02\/PRIPRAVUJEME_1x1-1024x1024.jpg 1024w, https:\/\/jancarek.drevomaja.cz\/wp-content\/uploads\/2026\/02\/PRIPRAVUJEME_1x1-150x150.jpg 150w, https:\/\/jancarek.drevomaja.cz\/wp-content\/uploads\/2026\/02\/PRIPRAVUJEME_1x1-768x768.jpg 768w, https:\/\/jancarek.drevomaja.cz\/wp-content\/uploads\/2026\/02\/PRIPRAVUJEME_1x1-1536x1536.jpg 1536w, https:\/\/jancarek.drevomaja.cz\/wp-content\/uploads\/2026\/02\/PRIPRAVUJEME_1x1-2048x2048.jpg 2048w\" sizes=\"auto, (max-width: 2560px) 100vw, 2560px\" \/><\/figure>\n\n<h2 class=\"wp-block-post-title has-content-heading-font-size\"><a href=\"https:\/\/jancarek.drevomaja.cz\/?p=190\" target=\"_self\" >Bezpe\u010dnost pr\u00e1ce \u2013 S\u017dDC<\/a><\/h2>\n\n<div class=\"wp-block-post-excerpt\"><p class=\"wp-block-post-excerpt__excerpt\">Quisque leo lacus, varius nec ultrices in, dapibus sit amet&hellip;<\/p><p class=\"wp-block-post-excerpt__more-text\"><a class=\"wp-block-post-excerpt__more-link\" href=\"https:\/\/jancarek.drevomaja.cz\/?p=190\">v\u00edce<\/a><\/p><\/div>\n\n<div class=\"wp-block-post-date flex\"><svg class=\"icon icon-calendar\" aria-hidden=\"true\" role=\"img\"> <use href=\"#icon-calendar\" xlink:href=\"#icon-calendar\"><\/use> <\/svg><time datetime=\"2026-02-02T23:08:58+01:00\">2. 2. 2026<\/time><\/div><\/div>\n\n<\/li><li class=\"wp-block-post post-188 post type-post status-publish format-standard has-post-thumbnail hentry category-zakazky\">\n\n<div class=\"wp-block-group is-style-padding-0 is-layout-flow wp-block-group-is-layout-flow\" style=\"padding-top:30px;padding-right:30px;padding-bottom:30px;padding-left:30px\"><figure class=\"wp-block-post-featured-image\"><img loading=\"lazy\" decoding=\"async\" width=\"2560\" height=\"2560\" src=\"https:\/\/jancarek.drevomaja.cz\/wp-content\/uploads\/2026\/02\/PRIPRAVUJEME_1x1-scaled.jpg\" class=\"attachment-post-thumbnail size-post-thumbnail wp-post-image\" alt=\"Pripravujeme 1X1\" style=\"object-fit:cover;\" srcset=\"https:\/\/jancarek.drevomaja.cz\/wp-content\/uploads\/2026\/02\/PRIPRAVUJEME_1x1-scaled.jpg 2560w, https:\/\/jancarek.drevomaja.cz\/wp-content\/uploads\/2026\/02\/PRIPRAVUJEME_1x1-300x300.jpg 300w, https:\/\/jancarek.drevomaja.cz\/wp-content\/uploads\/2026\/02\/PRIPRAVUJEME_1x1-1024x1024.jpg 1024w, https:\/\/jancarek.drevomaja.cz\/wp-content\/uploads\/2026\/02\/PRIPRAVUJEME_1x1-150x150.jpg 150w, https:\/\/jancarek.drevomaja.cz\/wp-content\/uploads\/2026\/02\/PRIPRAVUJEME_1x1-768x768.jpg 768w, https:\/\/jancarek.drevomaja.cz\/wp-content\/uploads\/2026\/02\/PRIPRAVUJEME_1x1-1536x1536.jpg 1536w, https:\/\/jancarek.drevomaja.cz\/wp-content\/uploads\/2026\/02\/PRIPRAVUJEME_1x1-2048x2048.jpg 2048w\" sizes=\"auto, (max-width: 2560px) 100vw, 2560px\" \/><\/figure>\n\n<h2 class=\"wp-block-post-title has-content-heading-font-size\"><a href=\"https:\/\/jancarek.drevomaja.cz\/?p=188\" target=\"_self\" >To ned\u00e1\u0161<\/a><\/h2>\n\n<div class=\"wp-block-post-excerpt\"><p class=\"wp-block-post-excerpt__excerpt\">Quisque leo lacus, varius nec ultrices in, dapibus sit amet&hellip;<\/p><p class=\"wp-block-post-excerpt__more-text\"><a class=\"wp-block-post-excerpt__more-link\" href=\"https:\/\/jancarek.drevomaja.cz\/?p=188\">v\u00edce<\/a><\/p><\/div>\n\n<div class=\"wp-block-post-date flex\"><svg class=\"icon icon-calendar\" aria-hidden=\"true\" role=\"img\"> <use href=\"#icon-calendar\" xlink:href=\"#icon-calendar\"><\/use> <\/svg><time datetime=\"2026-02-02T23:08:30+01:00\">2. 2. 2026<\/time><\/div><\/div>\n\n<\/li><li class=\"wp-block-post post-186 post type-post status-publish format-standard has-post-thumbnail hentry category-zakazky\">\n\n<div class=\"wp-block-group is-style-padding-0 is-layout-flow wp-block-group-is-layout-flow\" style=\"padding-top:30px;padding-right:30px;padding-bottom:30px;padding-left:30px\"><figure class=\"wp-block-post-featured-image\"><img loading=\"lazy\" decoding=\"async\" width=\"2560\" height=\"2560\" src=\"https:\/\/jancarek.drevomaja.cz\/wp-content\/uploads\/2026\/02\/PRIPRAVUJEME_1x1-scaled.jpg\" class=\"attachment-post-thumbnail size-post-thumbnail wp-post-image\" alt=\"Pripravujeme 1X1\" style=\"object-fit:cover;\" srcset=\"https:\/\/jancarek.drevomaja.cz\/wp-content\/uploads\/2026\/02\/PRIPRAVUJEME_1x1-scaled.jpg 2560w, https:\/\/jancarek.drevomaja.cz\/wp-content\/uploads\/2026\/02\/PRIPRAVUJEME_1x1-300x300.jpg 300w, https:\/\/jancarek.drevomaja.cz\/wp-content\/uploads\/2026\/02\/PRIPRAVUJEME_1x1-1024x1024.jpg 1024w, https:\/\/jancarek.drevomaja.cz\/wp-content\/uploads\/2026\/02\/PRIPRAVUJEME_1x1-150x150.jpg 150w, https:\/\/jancarek.drevomaja.cz\/wp-content\/uploads\/2026\/02\/PRIPRAVUJEME_1x1-768x768.jpg 768w, https:\/\/jancarek.drevomaja.cz\/wp-content\/uploads\/2026\/02\/PRIPRAVUJEME_1x1-1536x1536.jpg 1536w, https:\/\/jancarek.drevomaja.cz\/wp-content\/uploads\/2026\/02\/PRIPRAVUJEME_1x1-2048x2048.jpg 2048w\" sizes=\"auto, (max-width: 2560px) 100vw, 2560px\" \/><\/figure>\n\n<h2 class=\"wp-block-post-title has-content-heading-font-size\"><a href=\"https:\/\/jancarek.drevomaja.cz\/?p=186\" target=\"_self\" >Kooperativa<\/a><\/h2>\n\n<div class=\"wp-block-post-excerpt\"><p class=\"wp-block-post-excerpt__excerpt\">In at nisl tortor. Cras aliquet arcu sodales condimentum egestas.&hellip;<\/p><p class=\"wp-block-post-excerpt__more-text\"><a class=\"wp-block-post-excerpt__more-link\" href=\"https:\/\/jancarek.drevomaja.cz\/?p=186\">v\u00edce<\/a><\/p><\/div>\n\n<div class=\"wp-block-post-date flex\"><svg class=\"icon icon-calendar\" aria-hidden=\"true\" role=\"img\"> <use href=\"#icon-calendar\" xlink:href=\"#icon-calendar\"><\/use> <\/svg><time datetime=\"2026-02-02T23:08:08+01:00\">2. 2. 2026<\/time><\/div><\/div>\n\n<\/li><li class=\"wp-block-post post-184 post type-post status-publish format-standard has-post-thumbnail hentry category-zakazky\">\n\n<div class=\"wp-block-group is-style-padding-0 is-layout-flow wp-block-group-is-layout-flow\" style=\"padding-top:30px;padding-right:30px;padding-bottom:30px;padding-left:30px\"><figure class=\"wp-block-post-featured-image\"><img loading=\"lazy\" decoding=\"async\" width=\"2560\" height=\"2560\" src=\"https:\/\/jancarek.drevomaja.cz\/wp-content\/uploads\/2026\/02\/PRIPRAVUJEME_1x1-scaled.jpg\" class=\"attachment-post-thumbnail size-post-thumbnail wp-post-image\" alt=\"Pripravujeme 1X1\" style=\"object-fit:cover;\" srcset=\"https:\/\/jancarek.drevomaja.cz\/wp-content\/uploads\/2026\/02\/PRIPRAVUJEME_1x1-scaled.jpg 2560w, https:\/\/jancarek.drevomaja.cz\/wp-content\/uploads\/2026\/02\/PRIPRAVUJEME_1x1-300x300.jpg 300w, https:\/\/jancarek.drevomaja.cz\/wp-content\/uploads\/2026\/02\/PRIPRAVUJEME_1x1-1024x1024.jpg 1024w, https:\/\/jancarek.drevomaja.cz\/wp-content\/uploads\/2026\/02\/PRIPRAVUJEME_1x1-150x150.jpg 150w, https:\/\/jancarek.drevomaja.cz\/wp-content\/uploads\/2026\/02\/PRIPRAVUJEME_1x1-768x768.jpg 768w, https:\/\/jancarek.drevomaja.cz\/wp-content\/uploads\/2026\/02\/PRIPRAVUJEME_1x1-1536x1536.jpg 1536w, https:\/\/jancarek.drevomaja.cz\/wp-content\/uploads\/2026\/02\/PRIPRAVUJEME_1x1-2048x2048.jpg 2048w\" sizes=\"auto, (max-width: 2560px) 100vw, 2560px\" \/><\/figure>\n\n<h2 class=\"wp-block-post-title has-content-heading-font-size\"><a href=\"https:\/\/jancarek.drevomaja.cz\/?p=184\" target=\"_self\" >MHF<\/a><\/h2>\n\n<div class=\"wp-block-post-excerpt\"><p class=\"wp-block-post-excerpt__excerpt\">In at nisl tortor. Cras aliquet arcu sodales condimentum egestas.&hellip;<\/p><p class=\"wp-block-post-excerpt__more-text\"><a class=\"wp-block-post-excerpt__more-link\" href=\"https:\/\/jancarek.drevomaja.cz\/?p=184\">v\u00edce<\/a><\/p><\/div>\n\n<div class=\"wp-block-post-date flex\"><svg class=\"icon icon-calendar\" aria-hidden=\"true\" role=\"img\"> <use href=\"#icon-calendar\" xlink:href=\"#icon-calendar\"><\/use> <\/svg><time datetime=\"2026-02-02T23:07:44+01:00\">2. 2. 2026<\/time><\/div><\/div>\n\n<\/li><li class=\"wp-block-post post-180 post type-post status-publish format-standard has-post-thumbnail hentry category-zakazky\">\n\n<div class=\"wp-block-group is-style-padding-0 is-layout-flow wp-block-group-is-layout-flow\" style=\"padding-top:30px;padding-right:30px;padding-bottom:30px;padding-left:30px\"><figure class=\"wp-block-post-featured-image\"><img loading=\"lazy\" decoding=\"async\" width=\"2560\" height=\"2560\" src=\"https:\/\/jancarek.drevomaja.cz\/wp-content\/uploads\/2026\/02\/PRIPRAVUJEME_1x1-scaled.jpg\" class=\"attachment-post-thumbnail size-post-thumbnail wp-post-image\" alt=\"Pripravujeme 1X1\" style=\"object-fit:cover;\" srcset=\"https:\/\/jancarek.drevomaja.cz\/wp-content\/uploads\/2026\/02\/PRIPRAVUJEME_1x1-scaled.jpg 2560w, https:\/\/jancarek.drevomaja.cz\/wp-content\/uploads\/2026\/02\/PRIPRAVUJEME_1x1-300x300.jpg 300w, https:\/\/jancarek.drevomaja.cz\/wp-content\/uploads\/2026\/02\/PRIPRAVUJEME_1x1-1024x1024.jpg 1024w, https:\/\/jancarek.drevomaja.cz\/wp-content\/uploads\/2026\/02\/PRIPRAVUJEME_1x1-150x150.jpg 150w, https:\/\/jancarek.drevomaja.cz\/wp-content\/uploads\/2026\/02\/PRIPRAVUJEME_1x1-768x768.jpg 768w, https:\/\/jancarek.drevomaja.cz\/wp-content\/uploads\/2026\/02\/PRIPRAVUJEME_1x1-1536x1536.jpg 1536w, https:\/\/jancarek.drevomaja.cz\/wp-content\/uploads\/2026\/02\/PRIPRAVUJEME_1x1-2048x2048.jpg 2048w\" sizes=\"auto, (max-width: 2560px) 100vw, 2560px\" \/><\/figure>\n\n<h2 class=\"wp-block-post-title has-content-heading-font-size\"><a href=\"https:\/\/jancarek.drevomaja.cz\/?p=180\" target=\"_self\" >Vzpom\u00ednka na dr. \u010cerycha<\/a><\/h2>\n\n<div class=\"wp-block-post-excerpt\"><p class=\"wp-block-post-excerpt__excerpt\">In fringilla orci vel augue vehicula vehicula. Nullam a viverra&hellip;<\/p><p class=\"wp-block-post-excerpt__more-text\"><a class=\"wp-block-post-excerpt__more-link\" href=\"https:\/\/jancarek.drevomaja.cz\/?p=180\">v\u00edce<\/a><\/p><\/div>\n\n<div class=\"wp-block-post-date flex\"><svg class=\"icon icon-calendar\" aria-hidden=\"true\" role=\"img\"> <use href=\"#icon-calendar\" xlink:href=\"#icon-calendar\"><\/use> <\/svg><time datetime=\"2026-02-02T23:06:52+01:00\">2. 2. 2026<\/time><\/div><\/div>\n\n<\/li><\/ul><\/div>\n","protected":false},"excerpt":{"rendered":"<p>V\u017edycky m\u011b zaj\u00edmalo co a pro\u010d se d\u011bje nebo d\u011blo. A m\u011bl jsem z\u00e1rove\u0148 pot\u0159ebu to zachytit,zakonzervovat, up\u0159esnit, informace v&nbsp;r\u00e1mci vlastn\u00edch mo\u017enost\u00ed uv\u00e9st do souvislost\u00ed nebop\u0159in\u00e9st \u00fapln\u011b nov\u00e9. Ob\u010das to byla detektivka, n\u011bkdy jen d\u0159ina, nedocen\u011bn\u00e1 slu\u017eba,n\u00e1hoda\u2026Ale v\u017edycky kr\u00e1sn\u00e1 a zaj\u00edmav\u00e1 pr\u00e1ce s&nbsp;v\u00edtan\u00fdm p\u0159esahem od div\u00e1k\u016f ke \u0161kol\u00e1m avzd\u011bl\u00e1v\u00e1n\u00ed.<\/p>\n","protected":false},"author":1,"featured_media":405,"parent":64,"menu_order":5,"comment_status":"closed","ping_status":"closed","template":"","meta":{"footnotes":""},"class_list":["post-40","page","type-page","status-publish","has-post-thumbnail","hentry"],"yoast_head":"<!-- This site is optimized with the Yoast SEO plugin v26.9 - https:\/\/yoast.com\/product\/yoast-seo-wordpress\/ -->\n<title>ZAK\u00c1ZKY - Petr Jan\u010d\u00e1rek<\/title>\n<meta name=\"robots\" content=\"noindex, follow, max-snippet:-1, max-image-preview:large, max-video-preview:-1\" \/>\n<meta property=\"og:locale\" content=\"cs_CZ\" \/>\n<meta property=\"og:type\" content=\"article\" \/>\n<meta property=\"og:title\" content=\"ZAK\u00c1ZKY - Petr Jan\u010d\u00e1rek\" \/>\n<meta property=\"og:description\" content=\"V\u017edycky m\u011b zaj\u00edmalo co a pro\u010d se d\u011bje nebo d\u011blo. A m\u011bl jsem z\u00e1rove\u0148 pot\u0159ebu to zachytit,zakonzervovat, up\u0159esnit, informace v&nbsp;r\u00e1mci vlastn\u00edch mo\u017enost\u00ed uv\u00e9st do souvislost\u00ed nebop\u0159in\u00e9st \u00fapln\u011b nov\u00e9. Ob\u010das to byla detektivka, n\u011bkdy jen d\u0159ina, nedocen\u011bn\u00e1 slu\u017eba,n\u00e1hoda\u2026Ale v\u017edycky kr\u00e1sn\u00e1 a zaj\u00edmav\u00e1 pr\u00e1ce s&nbsp;v\u00edtan\u00fdm p\u0159esahem od div\u00e1k\u016f ke \u0161kol\u00e1m avzd\u011bl\u00e1v\u00e1n\u00ed.\" \/>\n<meta property=\"og:url\" content=\"https:\/\/jancarek.drevomaja.cz\/?page_id=40\" \/>\n<meta property=\"og:site_name\" content=\"Petr Jan\u010d\u00e1rek\" \/>\n<meta property=\"article:modified_time\" content=\"2026-03-30T11:23:04+00:00\" \/>\n<meta property=\"og:image\" content=\"https:\/\/jancarek.drevomaja.cz\/wp-content\/uploads\/2026\/03\/FILM-ZAKAZKY-1x1-1-scaled.jpg\" \/>\n\t<meta property=\"og:image:width\" content=\"2560\" \/>\n\t<meta property=\"og:image:height\" content=\"2560\" \/>\n\t<meta property=\"og:image:type\" content=\"image\/jpeg\" \/>\n<meta name=\"twitter:card\" content=\"summary_large_image\" \/>\n<meta name=\"twitter:label1\" content=\"Odhadovan\u00e1 doba \u010dten\u00ed\" \/>\n\t<meta name=\"twitter:data1\" content=\"1 minuta\" \/>\n<script type=\"application\/ld+json\" class=\"yoast-schema-graph\">{\"@context\":\"https:\/\/schema.org\",\"@graph\":[{\"@type\":\"WebPage\",\"@id\":\"https:\/\/jancarek.drevomaja.cz\/?page_id=40\",\"url\":\"https:\/\/jancarek.drevomaja.cz\/?page_id=40\",\"name\":\"ZAK\u00c1ZKY - Petr Jan\u010d\u00e1rek\",\"isPartOf\":{\"@id\":\"https:\/\/jancarek.drevomaja.cz\/#website\"},\"primaryImageOfPage\":{\"@id\":\"https:\/\/jancarek.drevomaja.cz\/?page_id=40#primaryimage\"},\"image\":{\"@id\":\"https:\/\/jancarek.drevomaja.cz\/?page_id=40#primaryimage\"},\"thumbnailUrl\":\"https:\/\/jancarek.drevomaja.cz\/wp-content\/uploads\/2026\/02\/Zakazky-scaled.jpg\",\"datePublished\":\"2026-02-02T19:15:46+00:00\",\"dateModified\":\"2026-03-30T11:23:04+00:00\",\"breadcrumb\":{\"@id\":\"https:\/\/jancarek.drevomaja.cz\/?page_id=40#breadcrumb\"},\"inLanguage\":\"cs\",\"potentialAction\":[{\"@type\":\"ReadAction\",\"target\":[\"https:\/\/jancarek.drevomaja.cz\/?page_id=40\"]}]},{\"@type\":\"ImageObject\",\"inLanguage\":\"cs\",\"@id\":\"https:\/\/jancarek.drevomaja.cz\/?page_id=40#primaryimage\",\"url\":\"https:\/\/jancarek.drevomaja.cz\/wp-content\/uploads\/2026\/02\/Zakazky-scaled.jpg\",\"contentUrl\":\"https:\/\/jancarek.drevomaja.cz\/wp-content\/uploads\/2026\/02\/Zakazky-scaled.jpg\",\"width\":2560,\"height\":648,\"caption\":\"Zakazky Scaled\"},{\"@type\":\"BreadcrumbList\",\"@id\":\"https:\/\/jancarek.drevomaja.cz\/?page_id=40#breadcrumb\",\"itemListElement\":[{\"@type\":\"ListItem\",\"position\":1,\"name\":\"Dom\u016f\",\"item\":\"https:\/\/jancarek.drevomaja.cz\/\"},{\"@type\":\"ListItem\",\"position\":2,\"name\":\"FILMY\",\"item\":\"https:\/\/jancarek.drevomaja.cz\/?page_id=64\"},{\"@type\":\"ListItem\",\"position\":3,\"name\":\"ZAK\u00c1ZKY\"}]},{\"@type\":\"WebSite\",\"@id\":\"https:\/\/jancarek.drevomaja.cz\/#website\",\"url\":\"https:\/\/jancarek.drevomaja.cz\/\",\"name\":\"Petr Jan\u010d\u00e1rek\",\"description\":\"\",\"potentialAction\":[{\"@type\":\"SearchAction\",\"target\":{\"@type\":\"EntryPoint\",\"urlTemplate\":\"https:\/\/jancarek.drevomaja.cz\/?s={search_term_string}\"},\"query-input\":{\"@type\":\"PropertyValueSpecification\",\"valueRequired\":true,\"valueName\":\"search_term_string\"}}],\"inLanguage\":\"cs\"}]}<\/script>\n<!-- \/ Yoast SEO plugin. -->","yoast_head_json":{"title":"ZAK\u00c1ZKY - Petr Jan\u010d\u00e1rek","robots":{"index":"noindex","follow":"follow","max-snippet":"max-snippet:-1","max-image-preview":"max-image-preview:large","max-video-preview":"max-video-preview:-1"},"og_locale":"cs_CZ","og_type":"article","og_title":"ZAK\u00c1ZKY - Petr Jan\u010d\u00e1rek","og_description":"V\u017edycky m\u011b zaj\u00edmalo co a pro\u010d se d\u011bje nebo d\u011blo. A m\u011bl jsem z\u00e1rove\u0148 pot\u0159ebu to zachytit,zakonzervovat, up\u0159esnit, informace v&nbsp;r\u00e1mci vlastn\u00edch mo\u017enost\u00ed uv\u00e9st do souvislost\u00ed nebop\u0159in\u00e9st \u00fapln\u011b nov\u00e9. Ob\u010das to byla detektivka, n\u011bkdy jen d\u0159ina, nedocen\u011bn\u00e1 slu\u017eba,n\u00e1hoda\u2026Ale v\u017edycky kr\u00e1sn\u00e1 a zaj\u00edmav\u00e1 pr\u00e1ce s&nbsp;v\u00edtan\u00fdm p\u0159esahem od div\u00e1k\u016f ke \u0161kol\u00e1m avzd\u011bl\u00e1v\u00e1n\u00ed.","og_url":"https:\/\/jancarek.drevomaja.cz\/?page_id=40","og_site_name":"Petr Jan\u010d\u00e1rek","article_modified_time":"2026-03-30T11:23:04+00:00","og_image":[{"width":2560,"height":2560,"url":"https:\/\/jancarek.drevomaja.cz\/wp-content\/uploads\/2026\/03\/FILM-ZAKAZKY-1x1-1-scaled.jpg","type":"image\/jpeg"}],"twitter_card":"summary_large_image","twitter_misc":{"Odhadovan\u00e1 doba \u010dten\u00ed":"1 minuta"},"schema":{"@context":"https:\/\/schema.org","@graph":[{"@type":"WebPage","@id":"https:\/\/jancarek.drevomaja.cz\/?page_id=40","url":"https:\/\/jancarek.drevomaja.cz\/?page_id=40","name":"ZAK\u00c1ZKY - Petr Jan\u010d\u00e1rek","isPartOf":{"@id":"https:\/\/jancarek.drevomaja.cz\/#website"},"primaryImageOfPage":{"@id":"https:\/\/jancarek.drevomaja.cz\/?page_id=40#primaryimage"},"image":{"@id":"https:\/\/jancarek.drevomaja.cz\/?page_id=40#primaryimage"},"thumbnailUrl":"https:\/\/jancarek.drevomaja.cz\/wp-content\/uploads\/2026\/02\/Zakazky-scaled.jpg","datePublished":"2026-02-02T19:15:46+00:00","dateModified":"2026-03-30T11:23:04+00:00","breadcrumb":{"@id":"https:\/\/jancarek.drevomaja.cz\/?page_id=40#breadcrumb"},"inLanguage":"cs","potentialAction":[{"@type":"ReadAction","target":["https:\/\/jancarek.drevomaja.cz\/?page_id=40"]}]},{"@type":"ImageObject","inLanguage":"cs","@id":"https:\/\/jancarek.drevomaja.cz\/?page_id=40#primaryimage","url":"https:\/\/jancarek.drevomaja.cz\/wp-content\/uploads\/2026\/02\/Zakazky-scaled.jpg","contentUrl":"https:\/\/jancarek.drevomaja.cz\/wp-content\/uploads\/2026\/02\/Zakazky-scaled.jpg","width":2560,"height":648,"caption":"Zakazky Scaled"},{"@type":"BreadcrumbList","@id":"https:\/\/jancarek.drevomaja.cz\/?page_id=40#breadcrumb","itemListElement":[{"@type":"ListItem","position":1,"name":"Dom\u016f","item":"https:\/\/jancarek.drevomaja.cz\/"},{"@type":"ListItem","position":2,"name":"FILMY","item":"https:\/\/jancarek.drevomaja.cz\/?page_id=64"},{"@type":"ListItem","position":3,"name":"ZAK\u00c1ZKY"}]},{"@type":"WebSite","@id":"https:\/\/jancarek.drevomaja.cz\/#website","url":"https:\/\/jancarek.drevomaja.cz\/","name":"Petr Jan\u010d\u00e1rek","description":"","potentialAction":[{"@type":"SearchAction","target":{"@type":"EntryPoint","urlTemplate":"https:\/\/jancarek.drevomaja.cz\/?s={search_term_string}"},"query-input":{"@type":"PropertyValueSpecification","valueRequired":true,"valueName":"search_term_string"}}],"inLanguage":"cs"}]}},"_links":{"self":[{"href":"https:\/\/jancarek.drevomaja.cz\/index.php?rest_route=\/wp\/v2\/pages\/40","targetHints":{"allow":["GET"]}}],"collection":[{"href":"https:\/\/jancarek.drevomaja.cz\/index.php?rest_route=\/wp\/v2\/pages"}],"about":[{"href":"https:\/\/jancarek.drevomaja.cz\/index.php?rest_route=\/wp\/v2\/types\/page"}],"author":[{"embeddable":true,"href":"https:\/\/jancarek.drevomaja.cz\/index.php?rest_route=\/wp\/v2\/users\/1"}],"replies":[{"embeddable":true,"href":"https:\/\/jancarek.drevomaja.cz\/index.php?rest_route=%2Fwp%2Fv2%2Fcomments&post=40"}],"version-history":[{"count":8,"href":"https:\/\/jancarek.drevomaja.cz\/index.php?rest_route=\/wp\/v2\/pages\/40\/revisions"}],"predecessor-version":[{"id":1469,"href":"https:\/\/jancarek.drevomaja.cz\/index.php?rest_route=\/wp\/v2\/pages\/40\/revisions\/1469"}],"up":[{"embeddable":true,"href":"https:\/\/jancarek.drevomaja.cz\/index.php?rest_route=\/wp\/v2\/pages\/64"}],"wp:featuredmedia":[{"embeddable":true,"href":"https:\/\/jancarek.drevomaja.cz\/index.php?rest_route=\/wp\/v2\/media\/405"}],"wp:attachment":[{"href":"https:\/\/jancarek.drevomaja.cz\/index.php?rest_route=%2Fwp%2Fv2%2Fmedia&parent=40"}],"curies":[{"name":"wp","href":"https:\/\/api.w.org\/{rel}","templated":true}]}}