{"id":439,"date":"2026-02-16T12:34:59","date_gmt":"2026-02-16T11:34:59","guid":{"rendered":"https:\/\/jancarek.drevomaja.cz\/?page_id=439"},"modified":"2026-04-12T22:40:47","modified_gmt":"2026-04-12T20:40:47","slug":"z-filmove-kamery","status":"publish","type":"page","link":"https:\/\/jancarek.drevomaja.cz\/?page_id=439","title":{"rendered":"SCREENSHOTS"},"content":{"rendered":"<h2 class=\"wp-block-post-title\">SCREENSHOTS<\/h2>\n\n\n<div style=\"height:55px\" aria-hidden=\"true\" class=\"wp-block-spacer\"><\/div>\n\n\n\n<div class=\"wp-block-query is-layout-flow wp-block-query-is-layout-flow\"><ul class=\"columns-3 wp-block-post-template is-layout-grid wp-container-core-post-template-is-layout-6d3fbd8f wp-block-post-template-is-layout-grid\"><li class=\"wp-block-post post-1648 post type-post status-publish format-standard has-post-thumbnail hentry category-screenshots\">\n\n<div class=\"wp-block-group is-layout-flow wp-block-group-is-layout-flow\" style=\"padding-top:30px;padding-right:30px;padding-bottom:30px;padding-left:30px\"><figure class=\"wp-block-post-featured-image\"><a href=\"https:\/\/jancarek.drevomaja.cz\/?p=1648\" target=\"_self\"  ><img loading=\"lazy\" decoding=\"async\" width=\"2560\" height=\"2560\" src=\"https:\/\/jancarek.drevomaja.cz\/wp-content\/uploads\/2026\/02\/PRIPRAVUJEME_1x1-scaled.jpg\" class=\"attachment-post-thumbnail size-post-thumbnail wp-post-image\" alt=\"MLEJNEK Luk\u00e1\u0161, tren\u00e9r\" style=\"object-fit:cover;\" srcset=\"https:\/\/jancarek.drevomaja.cz\/wp-content\/uploads\/2026\/02\/PRIPRAVUJEME_1x1-scaled.jpg 2560w, https:\/\/jancarek.drevomaja.cz\/wp-content\/uploads\/2026\/02\/PRIPRAVUJEME_1x1-300x300.jpg 300w, https:\/\/jancarek.drevomaja.cz\/wp-content\/uploads\/2026\/02\/PRIPRAVUJEME_1x1-1024x1024.jpg 1024w, https:\/\/jancarek.drevomaja.cz\/wp-content\/uploads\/2026\/02\/PRIPRAVUJEME_1x1-150x150.jpg 150w, https:\/\/jancarek.drevomaja.cz\/wp-content\/uploads\/2026\/02\/PRIPRAVUJEME_1x1-768x768.jpg 768w, https:\/\/jancarek.drevomaja.cz\/wp-content\/uploads\/2026\/02\/PRIPRAVUJEME_1x1-1536x1536.jpg 1536w, https:\/\/jancarek.drevomaja.cz\/wp-content\/uploads\/2026\/02\/PRIPRAVUJEME_1x1-2048x2048.jpg 2048w\" sizes=\"auto, (max-width: 2560px) 100vw, 2560px\" \/><\/a><\/figure>\n\n<h2 class=\"wp-block-post-title\"><a href=\"https:\/\/jancarek.drevomaja.cz\/?p=1648\" target=\"_self\" >MLEJNEK Luk\u00e1\u0161, tren\u00e9r<\/a><\/h2>\n\n<div class=\"wp-block-post-excerpt\"><p class=\"wp-block-post-excerpt__excerpt\">Celove\u010dern\u00ed dokument\u00e1rn\u00ed film, premi\u00e9ra v b\u0159eznu 2024 v J\u00edzd\u00e1rn\u011b Pra\u017esk\u00e9ho hradu. <\/p><\/div>\n\n<div class=\"wp-block-post-date flex\"><svg class=\"icon icon-calendar\" aria-hidden=\"true\" role=\"img\"> <use href=\"#icon-calendar\" xlink:href=\"#icon-calendar\"><\/use> <\/svg><time datetime=\"2026-04-01T12:29:05+02:00\">1. 4. 2026<\/time><\/div><\/div>\n\n<\/li><\/ul><\/div>\n","protected":false},"excerpt":{"rendered":"","protected":false},"author":1,"featured_media":2267,"parent":66,"menu_order":5,"comment_status":"closed","ping_status":"closed","template":"","meta":{"footnotes":""},"class_list":["post-439","page","type-page","status-publish","has-post-thumbnail","hentry"],"yoast_head":"<!-- This site is optimized with the Yoast SEO plugin v26.9 - https:\/\/yoast.com\/product\/yoast-seo-wordpress\/ -->\n<title>SCREENSHOTS - Petr Jan\u010d\u00e1rek<\/title>\n<meta name=\"robots\" content=\"noindex, follow, max-snippet:-1, max-image-preview:large, max-video-preview:-1\" \/>\n<meta property=\"og:locale\" content=\"cs_CZ\" \/>\n<meta property=\"og:type\" content=\"article\" \/>\n<meta property=\"og:title\" content=\"SCREENSHOTS - Petr Jan\u010d\u00e1rek\" \/>\n<meta property=\"og:url\" content=\"https:\/\/jancarek.drevomaja.cz\/?page_id=439\" \/>\n<meta property=\"og:site_name\" content=\"Petr Jan\u010d\u00e1rek\" \/>\n<meta property=\"article:modified_time\" content=\"2026-04-12T20:40:47+00:00\" \/>\n<meta property=\"og:image\" content=\"https:\/\/jancarek.drevomaja.cz\/wp-content\/uploads\/2026\/04\/Z_filmove_kamery_1x1-768x768-1.jpg\" \/>\n\t<meta property=\"og:image:width\" content=\"771\" \/>\n\t<meta property=\"og:image:height\" content=\"771\" \/>\n\t<meta property=\"og:image:type\" content=\"image\/jpeg\" \/>\n<meta name=\"twitter:card\" content=\"summary_large_image\" \/>\n<meta name=\"twitter:label1\" content=\"Odhadovan\u00e1 doba \u010dten\u00ed\" \/>\n\t<meta name=\"twitter:data1\" content=\"1 minuta\" \/>\n<script type=\"application\/ld+json\" class=\"yoast-schema-graph\">{\"@context\":\"https:\/\/schema.org\",\"@graph\":[{\"@type\":\"WebPage\",\"@id\":\"https:\/\/jancarek.drevomaja.cz\/?page_id=439\",\"url\":\"https:\/\/jancarek.drevomaja.cz\/?page_id=439\",\"name\":\"SCREENSHOTS - Petr Jan\u010d\u00e1rek\",\"isPartOf\":{\"@id\":\"https:\/\/jancarek.drevomaja.cz\/#website\"},\"primaryImageOfPage\":{\"@id\":\"https:\/\/jancarek.drevomaja.cz\/?page_id=439#primaryimage\"},\"image\":{\"@id\":\"https:\/\/jancarek.drevomaja.cz\/?page_id=439#primaryimage\"},\"thumbnailUrl\":\"https:\/\/jancarek.drevomaja.cz\/wp-content\/uploads\/2026\/04\/Z_filmove_kamery_1x1-768x768-1.jpg\",\"datePublished\":\"2026-02-16T11:34:59+00:00\",\"dateModified\":\"2026-04-12T20:40:47+00:00\",\"breadcrumb\":{\"@id\":\"https:\/\/jancarek.drevomaja.cz\/?page_id=439#breadcrumb\"},\"inLanguage\":\"cs\",\"potentialAction\":[{\"@type\":\"ReadAction\",\"target\":[\"https:\/\/jancarek.drevomaja.cz\/?page_id=439\"]}]},{\"@type\":\"ImageObject\",\"inLanguage\":\"cs\",\"@id\":\"https:\/\/jancarek.drevomaja.cz\/?page_id=439#primaryimage\",\"url\":\"https:\/\/jancarek.drevomaja.cz\/wp-content\/uploads\/2026\/04\/Z_filmove_kamery_1x1-768x768-1.jpg\",\"contentUrl\":\"https:\/\/jancarek.drevomaja.cz\/wp-content\/uploads\/2026\/04\/Z_filmove_kamery_1x1-768x768-1.jpg\",\"width\":771,\"height\":771,\"caption\":\"Z Filmove Kamery 1X1 768X768 1\"},{\"@type\":\"BreadcrumbList\",\"@id\":\"https:\/\/jancarek.drevomaja.cz\/?page_id=439#breadcrumb\",\"itemListElement\":[{\"@type\":\"ListItem\",\"position\":1,\"name\":\"Dom\u016f\",\"item\":\"https:\/\/jancarek.drevomaja.cz\/\"},{\"@type\":\"ListItem\",\"position\":2,\"name\":\"FOTOGRAFIE\",\"item\":\"https:\/\/jancarek.drevomaja.cz\/?page_id=66\"},{\"@type\":\"ListItem\",\"position\":3,\"name\":\"SCREENSHOTS\"}]},{\"@type\":\"WebSite\",\"@id\":\"https:\/\/jancarek.drevomaja.cz\/#website\",\"url\":\"https:\/\/jancarek.drevomaja.cz\/\",\"name\":\"Petr Jan\u010d\u00e1rek\",\"description\":\"\",\"potentialAction\":[{\"@type\":\"SearchAction\",\"target\":{\"@type\":\"EntryPoint\",\"urlTemplate\":\"https:\/\/jancarek.drevomaja.cz\/?s={search_term_string}\"},\"query-input\":{\"@type\":\"PropertyValueSpecification\",\"valueRequired\":true,\"valueName\":\"search_term_string\"}}],\"inLanguage\":\"cs\"}]}<\/script>\n<!-- \/ Yoast SEO plugin. -->","yoast_head_json":{"title":"SCREENSHOTS - Petr Jan\u010d\u00e1rek","robots":{"index":"noindex","follow":"follow","max-snippet":"max-snippet:-1","max-image-preview":"max-image-preview:large","max-video-preview":"max-video-preview:-1"},"og_locale":"cs_CZ","og_type":"article","og_title":"SCREENSHOTS - Petr Jan\u010d\u00e1rek","og_url":"https:\/\/jancarek.drevomaja.cz\/?page_id=439","og_site_name":"Petr Jan\u010d\u00e1rek","article_modified_time":"2026-04-12T20:40:47+00:00","og_image":[{"width":771,"height":771,"url":"https:\/\/jancarek.drevomaja.cz\/wp-content\/uploads\/2026\/04\/Z_filmove_kamery_1x1-768x768-1.jpg","type":"image\/jpeg"}],"twitter_card":"summary_large_image","twitter_misc":{"Odhadovan\u00e1 doba \u010dten\u00ed":"1 minuta"},"schema":{"@context":"https:\/\/schema.org","@graph":[{"@type":"WebPage","@id":"https:\/\/jancarek.drevomaja.cz\/?page_id=439","url":"https:\/\/jancarek.drevomaja.cz\/?page_id=439","name":"SCREENSHOTS - Petr Jan\u010d\u00e1rek","isPartOf":{"@id":"https:\/\/jancarek.drevomaja.cz\/#website"},"primaryImageOfPage":{"@id":"https:\/\/jancarek.drevomaja.cz\/?page_id=439#primaryimage"},"image":{"@id":"https:\/\/jancarek.drevomaja.cz\/?page_id=439#primaryimage"},"thumbnailUrl":"https:\/\/jancarek.drevomaja.cz\/wp-content\/uploads\/2026\/04\/Z_filmove_kamery_1x1-768x768-1.jpg","datePublished":"2026-02-16T11:34:59+00:00","dateModified":"2026-04-12T20:40:47+00:00","breadcrumb":{"@id":"https:\/\/jancarek.drevomaja.cz\/?page_id=439#breadcrumb"},"inLanguage":"cs","potentialAction":[{"@type":"ReadAction","target":["https:\/\/jancarek.drevomaja.cz\/?page_id=439"]}]},{"@type":"ImageObject","inLanguage":"cs","@id":"https:\/\/jancarek.drevomaja.cz\/?page_id=439#primaryimage","url":"https:\/\/jancarek.drevomaja.cz\/wp-content\/uploads\/2026\/04\/Z_filmove_kamery_1x1-768x768-1.jpg","contentUrl":"https:\/\/jancarek.drevomaja.cz\/wp-content\/uploads\/2026\/04\/Z_filmove_kamery_1x1-768x768-1.jpg","width":771,"height":771,"caption":"Z Filmove Kamery 1X1 768X768 1"},{"@type":"BreadcrumbList","@id":"https:\/\/jancarek.drevomaja.cz\/?page_id=439#breadcrumb","itemListElement":[{"@type":"ListItem","position":1,"name":"Dom\u016f","item":"https:\/\/jancarek.drevomaja.cz\/"},{"@type":"ListItem","position":2,"name":"FOTOGRAFIE","item":"https:\/\/jancarek.drevomaja.cz\/?page_id=66"},{"@type":"ListItem","position":3,"name":"SCREENSHOTS"}]},{"@type":"WebSite","@id":"https:\/\/jancarek.drevomaja.cz\/#website","url":"https:\/\/jancarek.drevomaja.cz\/","name":"Petr Jan\u010d\u00e1rek","description":"","potentialAction":[{"@type":"SearchAction","target":{"@type":"EntryPoint","urlTemplate":"https:\/\/jancarek.drevomaja.cz\/?s={search_term_string}"},"query-input":{"@type":"PropertyValueSpecification","valueRequired":true,"valueName":"search_term_string"}}],"inLanguage":"cs"}]}},"_links":{"self":[{"href":"https:\/\/jancarek.drevomaja.cz\/index.php?rest_route=\/wp\/v2\/pages\/439","targetHints":{"allow":["GET"]}}],"collection":[{"href":"https:\/\/jancarek.drevomaja.cz\/index.php?rest_route=\/wp\/v2\/pages"}],"about":[{"href":"https:\/\/jancarek.drevomaja.cz\/index.php?rest_route=\/wp\/v2\/types\/page"}],"author":[{"embeddable":true,"href":"https:\/\/jancarek.drevomaja.cz\/index.php?rest_route=\/wp\/v2\/users\/1"}],"replies":[{"embeddable":true,"href":"https:\/\/jancarek.drevomaja.cz\/index.php?rest_route=%2Fwp%2Fv2%2Fcomments&post=439"}],"version-history":[{"count":4,"href":"https:\/\/jancarek.drevomaja.cz\/index.php?rest_route=\/wp\/v2\/pages\/439\/revisions"}],"predecessor-version":[{"id":1744,"href":"https:\/\/jancarek.drevomaja.cz\/index.php?rest_route=\/wp\/v2\/pages\/439\/revisions\/1744"}],"up":[{"embeddable":true,"href":"https:\/\/jancarek.drevomaja.cz\/index.php?rest_route=\/wp\/v2\/pages\/66"}],"wp:featuredmedia":[{"embeddable":true,"href":"https:\/\/jancarek.drevomaja.cz\/index.php?rest_route=\/wp\/v2\/media\/2267"}],"wp:attachment":[{"href":"https:\/\/jancarek.drevomaja.cz\/index.php?rest_route=%2Fwp%2Fv2%2Fmedia&parent=439"}],"curies":[{"name":"wp","href":"https:\/\/api.w.org\/{rel}","templated":true}]}}