{"id":49,"date":"2026-02-02T20:24:49","date_gmt":"2026-02-02T19:24:49","guid":{"rendered":"https:\/\/jancarek.drevomaja.cz\/?page_id=49"},"modified":"2026-04-01T12:48:22","modified_gmt":"2026-04-01T10:48:22","slug":"divadlo","status":"publish","type":"page","link":"https:\/\/jancarek.drevomaja.cz\/?page_id=49","title":{"rendered":"DIVADLO"},"content":{"rendered":"\n<div class=\"wp-block-query is-layout-flow wp-block-query-is-layout-flow\"><ul class=\"columns-3 wp-block-post-template is-layout-grid wp-container-core-post-template-is-layout-6d3fbd8f wp-block-post-template-is-layout-grid\"><li class=\"wp-block-post post-723 post type-post status-publish format-standard has-post-thumbnail hentry category-divadlo category-nezarazene\">\n\n<div class=\"wp-block-group is-layout-flow wp-block-group-is-layout-flow\" style=\"padding-top:30px;padding-right:30px;padding-bottom:30px;padding-left:30px\"><a href=\"https:\/\/jancarek.drevomaja.cz\/?p=723\"><img decoding=\"async\" src=\"https:\/\/jancarek.drevomaja.cz\/wp-content\/uploads\/2026\/03\/1x1-pro-galerii-Kuracky-a-spasitelky-1-768x768.jpg\" alt=\"Ku\u0159a\u010dky a spasitelky\" loading=\"lazy\" style=\"max-width:100%\" \/><\/a>\n\n<h2 class=\"wp-block-post-title\"><a href=\"https:\/\/jancarek.drevomaja.cz\/?p=723\" target=\"_self\" >Ku\u0159a\u010dky a spasitelky<\/a><\/h2>\n\n<div class=\"wp-block-post-excerpt\"><p class=\"wp-block-post-excerpt__excerpt\">Toto p\u0159edstaven\u00ed uv\u00e1d\u00ed soubor Divadlo EXIL jako ho\u0159kou komedii o&hellip;<\/p><p class=\"wp-block-post-excerpt__more-text\"><a class=\"wp-block-post-excerpt__more-link\" href=\"https:\/\/jancarek.drevomaja.cz\/?p=723\">V\u00edce<\/a><\/p><\/div>\n\n<div class=\"wp-block-post-date flex\"><svg class=\"icon icon-calendar\" aria-hidden=\"true\" role=\"img\"> <use href=\"#icon-calendar\" xlink:href=\"#icon-calendar\"><\/use> <\/svg><time datetime=\"2026-03-17T21:27:29+01:00\">17. 3. 2026<\/time><\/div><\/div>\n\n<\/li><li class=\"wp-block-post post-725 post type-post status-publish format-standard has-post-thumbnail hentry category-divadlo\">\n\n<div class=\"wp-block-group is-layout-flow wp-block-group-is-layout-flow\" style=\"padding-top:30px;padding-right:30px;padding-bottom:30px;padding-left:30px\"><a href=\"https:\/\/jancarek.drevomaja.cz\/?p=725\"><img decoding=\"async\" src=\"https:\/\/jancarek.drevomaja.cz\/wp-content\/uploads\/2026\/03\/1x1-pro-Zebracka-opera-768x768.jpg\" alt=\"\u017debr\u00e1ck\u00e1 opera\" loading=\"lazy\" style=\"max-width:100%\" \/><\/a>\n\n<h2 class=\"wp-block-post-title\"><a href=\"https:\/\/jancarek.drevomaja.cz\/?p=725\" target=\"_self\" >\u017debr\u00e1ck\u00e1 opera<\/a><\/h2>\n\n<div class=\"wp-block-post-excerpt\"><p class=\"wp-block-post-excerpt__excerpt\">Jedn\u00e1 se o adaptaci hry V\u00e1clava Havla na motivy Johna&hellip;<\/p><p class=\"wp-block-post-excerpt__more-text\"><a class=\"wp-block-post-excerpt__more-link\" href=\"https:\/\/jancarek.drevomaja.cz\/?p=725\">V\u00edce<\/a><\/p><\/div>\n\n<div class=\"wp-block-post-date flex\"><svg class=\"icon icon-calendar\" aria-hidden=\"true\" role=\"img\"> <use href=\"#icon-calendar\" xlink:href=\"#icon-calendar\"><\/use> <\/svg><time datetime=\"2026-03-17T21:07:24+01:00\">17. 3. 2026<\/time><\/div><\/div>\n\n<\/li><li class=\"wp-block-post post-712 post type-post status-publish format-standard has-post-thumbnail hentry category-divadlo category-nezarazene\">\n\n<div class=\"wp-block-group is-layout-flow wp-block-group-is-layout-flow\" style=\"padding-top:30px;padding-right:30px;padding-bottom:30px;padding-left:30px\"><a href=\"https:\/\/jancarek.drevomaja.cz\/?p=712\"><img decoding=\"async\" src=\"https:\/\/jancarek.drevomaja.cz\/wp-content\/uploads\/2026\/03\/1x1-pro-Harold-a-Maude-768x768.jpg\" alt=\"Harold a Maud\" loading=\"lazy\" style=\"max-width:100%\" \/><\/a>\n\n<h2 class=\"wp-block-post-title\"><a href=\"https:\/\/jancarek.drevomaja.cz\/?p=712\" target=\"_self\" >Harold a Maud<\/a><\/h2>\n\n<div class=\"wp-block-post-excerpt\"><p class=\"wp-block-post-excerpt__excerpt\">P\u0159edstaven\u00ed&nbsp;Harold a Maude&nbsp;v Divadle Horn\u00ed Po\u010dernice je \u010dern\u00e1 komedie o&hellip;<\/p><p class=\"wp-block-post-excerpt__more-text\"><a class=\"wp-block-post-excerpt__more-link\" href=\"https:\/\/jancarek.drevomaja.cz\/?p=712\">V\u00edce<\/a><\/p><\/div>\n\n<div class=\"wp-block-post-date flex\"><svg class=\"icon icon-calendar\" aria-hidden=\"true\" role=\"img\"> <use href=\"#icon-calendar\" xlink:href=\"#icon-calendar\"><\/use> <\/svg><time datetime=\"2026-03-17T21:03:24+01:00\">17. 3. 2026<\/time><\/div><\/div>\n\n<\/li><\/ul><\/div>\n","protected":false},"excerpt":{"rendered":"","protected":false},"author":1,"featured_media":418,"parent":66,"menu_order":3,"comment_status":"closed","ping_status":"closed","template":"","meta":{"footnotes":""},"class_list":["post-49","page","type-page","status-publish","has-post-thumbnail","hentry"],"yoast_head":"<!-- This site is optimized with the Yoast SEO plugin v26.9 - https:\/\/yoast.com\/product\/yoast-seo-wordpress\/ -->\n<title>DIVADLO - Petr Jan\u010d\u00e1rek<\/title>\n<meta name=\"robots\" content=\"noindex, follow, max-snippet:-1, max-image-preview:large, max-video-preview:-1\" \/>\n<meta property=\"og:locale\" content=\"cs_CZ\" \/>\n<meta property=\"og:type\" content=\"article\" \/>\n<meta property=\"og:title\" content=\"DIVADLO - Petr Jan\u010d\u00e1rek\" \/>\n<meta property=\"og:url\" content=\"https:\/\/jancarek.drevomaja.cz\/?page_id=49\" \/>\n<meta property=\"og:site_name\" content=\"Petr Jan\u010d\u00e1rek\" \/>\n<meta property=\"article:modified_time\" content=\"2026-04-01T10:48:22+00:00\" \/>\n<meta property=\"og:image\" content=\"https:\/\/jancarek.drevomaja.cz\/wp-content\/uploads\/2026\/02\/DIvadlo_1x1-scaled.jpg\" \/>\n\t<meta property=\"og:image:width\" content=\"2560\" \/>\n\t<meta property=\"og:image:height\" content=\"2560\" \/>\n\t<meta property=\"og:image:type\" content=\"image\/jpeg\" \/>\n<meta name=\"twitter:card\" content=\"summary_large_image\" \/>\n<meta name=\"twitter:label1\" content=\"Odhadovan\u00e1 doba \u010dten\u00ed\" \/>\n\t<meta name=\"twitter:data1\" content=\"1 minuta\" \/>\n<script type=\"application\/ld+json\" class=\"yoast-schema-graph\">{\"@context\":\"https:\/\/schema.org\",\"@graph\":[{\"@type\":\"WebPage\",\"@id\":\"https:\/\/jancarek.drevomaja.cz\/?page_id=49\",\"url\":\"https:\/\/jancarek.drevomaja.cz\/?page_id=49\",\"name\":\"DIVADLO - Petr Jan\u010d\u00e1rek\",\"isPartOf\":{\"@id\":\"https:\/\/jancarek.drevomaja.cz\/#website\"},\"primaryImageOfPage\":{\"@id\":\"https:\/\/jancarek.drevomaja.cz\/?page_id=49#primaryimage\"},\"image\":{\"@id\":\"https:\/\/jancarek.drevomaja.cz\/?page_id=49#primaryimage\"},\"thumbnailUrl\":\"https:\/\/jancarek.drevomaja.cz\/wp-content\/uploads\/2026\/02\/Divadlo-scaled.jpg\",\"datePublished\":\"2026-02-02T19:24:49+00:00\",\"dateModified\":\"2026-04-01T10:48:22+00:00\",\"breadcrumb\":{\"@id\":\"https:\/\/jancarek.drevomaja.cz\/?page_id=49#breadcrumb\"},\"inLanguage\":\"cs\",\"potentialAction\":[{\"@type\":\"ReadAction\",\"target\":[\"https:\/\/jancarek.drevomaja.cz\/?page_id=49\"]}]},{\"@type\":\"ImageObject\",\"inLanguage\":\"cs\",\"@id\":\"https:\/\/jancarek.drevomaja.cz\/?page_id=49#primaryimage\",\"url\":\"https:\/\/jancarek.drevomaja.cz\/wp-content\/uploads\/2026\/02\/Divadlo-scaled.jpg\",\"contentUrl\":\"https:\/\/jancarek.drevomaja.cz\/wp-content\/uploads\/2026\/02\/Divadlo-scaled.jpg\",\"width\":2560,\"height\":648,\"caption\":\"Divadlo Scaled\"},{\"@type\":\"BreadcrumbList\",\"@id\":\"https:\/\/jancarek.drevomaja.cz\/?page_id=49#breadcrumb\",\"itemListElement\":[{\"@type\":\"ListItem\",\"position\":1,\"name\":\"Dom\u016f\",\"item\":\"https:\/\/jancarek.drevomaja.cz\/\"},{\"@type\":\"ListItem\",\"position\":2,\"name\":\"FOTOGRAFIE\",\"item\":\"https:\/\/jancarek.drevomaja.cz\/?page_id=66\"},{\"@type\":\"ListItem\",\"position\":3,\"name\":\"DIVADLO\"}]},{\"@type\":\"WebSite\",\"@id\":\"https:\/\/jancarek.drevomaja.cz\/#website\",\"url\":\"https:\/\/jancarek.drevomaja.cz\/\",\"name\":\"Petr Jan\u010d\u00e1rek\",\"description\":\"\",\"potentialAction\":[{\"@type\":\"SearchAction\",\"target\":{\"@type\":\"EntryPoint\",\"urlTemplate\":\"https:\/\/jancarek.drevomaja.cz\/?s={search_term_string}\"},\"query-input\":{\"@type\":\"PropertyValueSpecification\",\"valueRequired\":true,\"valueName\":\"search_term_string\"}}],\"inLanguage\":\"cs\"}]}<\/script>\n<!-- \/ Yoast SEO plugin. -->","yoast_head_json":{"title":"DIVADLO - Petr Jan\u010d\u00e1rek","robots":{"index":"noindex","follow":"follow","max-snippet":"max-snippet:-1","max-image-preview":"max-image-preview:large","max-video-preview":"max-video-preview:-1"},"og_locale":"cs_CZ","og_type":"article","og_title":"DIVADLO - Petr Jan\u010d\u00e1rek","og_url":"https:\/\/jancarek.drevomaja.cz\/?page_id=49","og_site_name":"Petr Jan\u010d\u00e1rek","article_modified_time":"2026-04-01T10:48:22+00:00","og_image":[{"width":2560,"height":2560,"url":"https:\/\/jancarek.drevomaja.cz\/wp-content\/uploads\/2026\/02\/DIvadlo_1x1-scaled.jpg","type":"image\/jpeg"}],"twitter_card":"summary_large_image","twitter_misc":{"Odhadovan\u00e1 doba \u010dten\u00ed":"1 minuta"},"schema":{"@context":"https:\/\/schema.org","@graph":[{"@type":"WebPage","@id":"https:\/\/jancarek.drevomaja.cz\/?page_id=49","url":"https:\/\/jancarek.drevomaja.cz\/?page_id=49","name":"DIVADLO - Petr Jan\u010d\u00e1rek","isPartOf":{"@id":"https:\/\/jancarek.drevomaja.cz\/#website"},"primaryImageOfPage":{"@id":"https:\/\/jancarek.drevomaja.cz\/?page_id=49#primaryimage"},"image":{"@id":"https:\/\/jancarek.drevomaja.cz\/?page_id=49#primaryimage"},"thumbnailUrl":"https:\/\/jancarek.drevomaja.cz\/wp-content\/uploads\/2026\/02\/Divadlo-scaled.jpg","datePublished":"2026-02-02T19:24:49+00:00","dateModified":"2026-04-01T10:48:22+00:00","breadcrumb":{"@id":"https:\/\/jancarek.drevomaja.cz\/?page_id=49#breadcrumb"},"inLanguage":"cs","potentialAction":[{"@type":"ReadAction","target":["https:\/\/jancarek.drevomaja.cz\/?page_id=49"]}]},{"@type":"ImageObject","inLanguage":"cs","@id":"https:\/\/jancarek.drevomaja.cz\/?page_id=49#primaryimage","url":"https:\/\/jancarek.drevomaja.cz\/wp-content\/uploads\/2026\/02\/Divadlo-scaled.jpg","contentUrl":"https:\/\/jancarek.drevomaja.cz\/wp-content\/uploads\/2026\/02\/Divadlo-scaled.jpg","width":2560,"height":648,"caption":"Divadlo Scaled"},{"@type":"BreadcrumbList","@id":"https:\/\/jancarek.drevomaja.cz\/?page_id=49#breadcrumb","itemListElement":[{"@type":"ListItem","position":1,"name":"Dom\u016f","item":"https:\/\/jancarek.drevomaja.cz\/"},{"@type":"ListItem","position":2,"name":"FOTOGRAFIE","item":"https:\/\/jancarek.drevomaja.cz\/?page_id=66"},{"@type":"ListItem","position":3,"name":"DIVADLO"}]},{"@type":"WebSite","@id":"https:\/\/jancarek.drevomaja.cz\/#website","url":"https:\/\/jancarek.drevomaja.cz\/","name":"Petr Jan\u010d\u00e1rek","description":"","potentialAction":[{"@type":"SearchAction","target":{"@type":"EntryPoint","urlTemplate":"https:\/\/jancarek.drevomaja.cz\/?s={search_term_string}"},"query-input":{"@type":"PropertyValueSpecification","valueRequired":true,"valueName":"search_term_string"}}],"inLanguage":"cs"}]}},"_links":{"self":[{"href":"https:\/\/jancarek.drevomaja.cz\/index.php?rest_route=\/wp\/v2\/pages\/49","targetHints":{"allow":["GET"]}}],"collection":[{"href":"https:\/\/jancarek.drevomaja.cz\/index.php?rest_route=\/wp\/v2\/pages"}],"about":[{"href":"https:\/\/jancarek.drevomaja.cz\/index.php?rest_route=\/wp\/v2\/types\/page"}],"author":[{"embeddable":true,"href":"https:\/\/jancarek.drevomaja.cz\/index.php?rest_route=\/wp\/v2\/users\/1"}],"replies":[{"embeddable":true,"href":"https:\/\/jancarek.drevomaja.cz\/index.php?rest_route=%2Fwp%2Fv2%2Fcomments&post=49"}],"version-history":[{"count":11,"href":"https:\/\/jancarek.drevomaja.cz\/index.php?rest_route=\/wp\/v2\/pages\/49\/revisions"}],"predecessor-version":[{"id":1748,"href":"https:\/\/jancarek.drevomaja.cz\/index.php?rest_route=\/wp\/v2\/pages\/49\/revisions\/1748"}],"up":[{"embeddable":true,"href":"https:\/\/jancarek.drevomaja.cz\/index.php?rest_route=\/wp\/v2\/pages\/66"}],"wp:featuredmedia":[{"embeddable":true,"href":"https:\/\/jancarek.drevomaja.cz\/index.php?rest_route=\/wp\/v2\/media\/418"}],"wp:attachment":[{"href":"https:\/\/jancarek.drevomaja.cz\/index.php?rest_route=%2Fwp%2Fv2%2Fmedia&parent=49"}],"curies":[{"name":"wp","href":"https:\/\/api.w.org\/{rel}","templated":true}]}}